{"id":2865,"date":"2022-11-08T09:17:02","date_gmt":"2022-11-08T08:17:02","guid":{"rendered":"https:\/\/fundacjapronautis.pl\/?page_id=2865"},"modified":"2025-04-23T17:49:47","modified_gmt":"2025-04-23T15:49:47","slug":"o-fundacji","status":"publish","type":"page","link":"https:\/\/fundacjapronautis.pl\/index.php\/o-fundacji\/","title":{"rendered":"O Fundacji"},"content":{"rendered":"\t\t<div data-elementor-type=\"wp-page\" data-elementor-id=\"2865\" class=\"elementor elementor-2865\">\n\t\t\t\t\t\t\t\t\t<section class=\"elementor-section elementor-top-section elementor-element elementor-element-1f2a7d5 elementor-section-boxed elementor-section-height-default elementor-section-height-default\" data-id=\"1f2a7d5\" data-element_type=\"section\">\n\t\t\t\t\t\t<div class=\"elementor-container elementor-column-gap-default\">\n\t\t\t\t\t<div class=\"elementor-column elementor-col-100 elementor-top-column elementor-element elementor-element-40f88f9\" data-id=\"40f88f9\" data-element_type=\"column\">\n\t\t\t<div class=\"elementor-widget-wrap elementor-element-populated\">\n\t\t\t\t\t\t\t\t<div class=\"elementor-element elementor-element-18d8d2a elementor-widget elementor-widget-text-editor\" data-id=\"18d8d2a\" data-element_type=\"widget\" data-widget_type=\"text-editor.default\">\n\t\t\t\t<div class=\"elementor-widget-container\">\n\t\t\t<style>\/*! elementor - v3.10.0 - 09-01-2023 *\/\n.elementor-widget-text-editor.elementor-drop-cap-view-stacked .elementor-drop-cap{background-color:#818a91;color:#fff}.elementor-widget-text-editor.elementor-drop-cap-view-framed .elementor-drop-cap{color:#818a91;border:3px solid;background-color:transparent}.elementor-widget-text-editor:not(.elementor-drop-cap-view-default) .elementor-drop-cap{margin-top:8px}.elementor-widget-text-editor:not(.elementor-drop-cap-view-default) .elementor-drop-cap-letter{width:1em;height:1em}.elementor-widget-text-editor .elementor-drop-cap{float:left;text-align:center;line-height:1;font-size:50px}.elementor-widget-text-editor .elementor-drop-cap-letter{display:inline-block}<\/style>\t\t\t\t<p><strong>Za\u0142o\u017cycielami Fundacji Pronautis s\u0105 Anna i Robert Nawroccy<\/strong> \u2013 ma\u0142\u017ce\u0144stwo, kt\u00f3re swoje pasje i do\u015bwiadczenie zawodowe postanowi\u0142o przeku\u0107 na dzia\u0142alno\u015b\u0107 spo\u0142eczn\u0105. Fundacja zosta\u0142a powo\u0142ana w 2017 roku. Od zawsze byli spo\u0142ecznikami i wykazywali dzia\u0142ania prospo\u0142eczne. Od pocz\u0105tku kierowali si\u0119 ch\u0119ci\u0105 pokazania, \u017ce sporty wodne s\u0105 dost\u0119pne dla wszystkich, bez wzgl\u0119du na wiek, p\u0142e\u0107, statut maj\u0105tkowy czy stan sprawno\u015bci. Chc\u0105 prze\u0142amywa\u0107 stereotyp, \u017ce \u017ceglarstwo jest sportem elitarnym, dost\u0119pnym tylko dla wybranych grup spo\u0142ecznych. Poza tym chc\u0105 u\u015bwiadomi\u0107 jak najwi\u0119cej os\u00f3b, \u017ce jest to \u015bwietnym spos\u00f3b na sp\u0119dzanie czasu wolnego, odpoczynek, poznawanie walor\u00f3w przyrodniczych i krajobrazowych naszego pojezierza.<\/p><p>Od pocz\u0105tku swojej dzia\u0142alno\u015bci zajmujemy si\u0119 organizacj\u0105 sp\u0142yw\u00f3w kajakowych i rejs\u00f3w \u017cagl\u00f3wkami. Co roku organizujemy ob\u00f3z sportowo &#8211; \u017ceglarski w Powidzu dla dzieci i m\u0142odzie\u017cy z powiatu gnie\u017anie\u0144skiego i Gniezna. Organizujemy r\u00f3wnie\u017c pikniki i festyny rodzinne nad jeziorami znajduj\u0105cymi si\u0119 na terenie Pojezierza Gnie\u017anie\u0144skiego, daj\u0105c rodzinom mo\u017cliwo\u015b\u0107 sp\u0119dzenia czasu wolnego na kajaku, \u017cagl\u00f3wce, wsp\u00f3lnego biesiadowania przy ognisku oraz nauce bezpiecznego zachowania si\u0119 nad wod\u0105. Swoje dzia\u0142ania kierujemy r\u00f3wnie\u017c dla os\u00f3b z niepe\u0142nosprawno\u015bciami, organizuj\u0105c dla nich i ich rodzin sp\u0142ywy kajakowe i rejsy \u017cagl\u00f3wkami po jeziorach i rzekach Pojezierza Gnie\u017anie\u0144skiego, traktuj\u0105c to przede wszystkim jako aktywn\u0105 rehabilitacj\u0119. Poprzez takie dzia\u0142ania prze\u0142amujemy stereotypy i pokazujemy, \u017ce osoby niepe\u0142nosprawne mog\u0105 r\u00f3wnie\u017c aktywnie sp\u0119dza\u0107 czas na kajaku i \u017cagl\u00f3wce.<\/p><p>Kolejn\u0105 nasz\u0105 g\u0142\u00f3wn\u0105 dzia\u0142alno\u015bci\u0105 misyjn\u0105 jest wspieranie i podejmowanie dzia\u0142a\u0144 na rzecz os\u00f3b z r\u00f3\u017cnych grup spo\u0142ecznych tj.: os\u00f3b zagro\u017conych wykluczeniem spo\u0142ecznym, os\u00f3b z niepe\u0142nosprawno\u015bci\u0105 i ich rodzin\/opiekun\u00f3w, os\u00f3b w kryzysie. Posiadamy w swojej ofercie r\u00f3wnie\u017c dla tych os\u00f3b bardzo szeroki pakiet us\u0142ug. W 2021 roku rozpocz\u0119li\u015bmy zaj\u0119cia z hipoterapii dla os\u00f3b z niepe\u0142nosprawno\u015bciami dzieci i doros\u0142ych. Z tej dzia\u0142alno\u015bci zrodzi\u0142 si\u0119 pomys\u0142 utworzenia w\u0142asnego o\u015brodka hipoterapii. W 2022 roku w zwi\u0105zku z realizacj\u0105 przez fundacj\u0119 projektu Wielkopolski O\u015brodek Ekonomii Spo\u0142ecznej, przekszta\u0142cili\u015bmy si\u0119 w przedsi\u0119biorstwo spo\u0142eczne, kt\u00f3rego g\u0142\u00f3wnym zadaniem jest prowadzenie Stajni \u201ePrzyjazna Przysta\u0144\u201d. Stajnia znajduje si\u0119 w Szczytnikach Duchownych, we wsi po\u0142o\u017conej niedaleko Gniezna (wojew\u00f3dztwo wielkopolskie, powiat gnie\u017anie\u0144ski, Gmina Gniezno).<\/p>\t\t\t\t\t\t<\/div>\n\t\t\t\t<\/div>\n\t\t\t\t<div class=\"elementor-element elementor-element-8a7424c elementor-widget elementor-widget-spacer\" data-id=\"8a7424c\" data-element_type=\"widget\" data-widget_type=\"spacer.default\">\n\t\t\t\t<div class=\"elementor-widget-container\">\n\t\t\t<style>\/*! elementor - v3.10.0 - 09-01-2023 *\/\n.elementor-column .elementor-spacer-inner{height:var(--spacer-size)}.e-con{--container-widget-width:100%}.e-con-inner>.elementor-widget-spacer,.e-con>.elementor-widget-spacer{width:var(--container-widget-width,var(--spacer-size));--align-self:var(--container-widget-align-self,initial);--flex-shrink:0}.e-con-inner>.elementor-widget-spacer>.elementor-widget-container,.e-con-inner>.elementor-widget-spacer>.elementor-widget-container>.elementor-spacer,.e-con>.elementor-widget-spacer>.elementor-widget-container,.e-con>.elementor-widget-spacer>.elementor-widget-container>.elementor-spacer{height:100%}.e-con-inner>.elementor-widget-spacer>.elementor-widget-container>.elementor-spacer>.elementor-spacer-inner,.e-con>.elementor-widget-spacer>.elementor-widget-container>.elementor-spacer>.elementor-spacer-inner{height:var(--container-widget-height,var(--spacer-size))}<\/style>\t\t<div class=\"elementor-spacer\">\n\t\t\t<div class=\"elementor-spacer-inner\"><\/div>\n\t\t<\/div>\n\t\t\t\t<\/div>\n\t\t\t\t<\/div>\n\t\t\t\t\t<\/div>\n\t\t<\/div>\n\t\t\t\t\t\t\t<\/div>\n\t\t<\/section>\n\t\t\t\t\t\t\t<\/div>\n\t\t","protected":false},"excerpt":{"rendered":"<p>Za\u0142o\u017cycielami Fundacji Pronautis s\u0105 Anna i Robert Nawroccy \u2013 ma\u0142\u017ce\u0144stwo, kt\u00f3re swoje pasje i do\u015bwiadczenie zawodowe postanowi\u0142o przeku\u0107 na dzia\u0142alno\u015b\u0107 spo\u0142eczn\u0105. Fundacja zosta\u0142a powo\u0142ana w 2017 roku. Od zawsze byli spo\u0142ecznikami i wykazywali dzia\u0142ania prospo\u0142eczne. Od pocz\u0105tku kierowali si\u0119 ch\u0119ci\u0105 pokazania, \u017ce sporty wodne s\u0105 dost\u0119pne dla wszystkich, bez wzgl\u0119du.<\/p>\n","protected":false},"author":1,"featured_media":0,"parent":0,"menu_order":1,"comment_status":"closed","ping_status":"closed","template":"","meta":[],"_links":{"self":[{"href":"https:\/\/fundacjapronautis.pl\/index.php\/wp-json\/wp\/v2\/pages\/2865"}],"collection":[{"href":"https:\/\/fundacjapronautis.pl\/index.php\/wp-json\/wp\/v2\/pages"}],"about":[{"href":"https:\/\/fundacjapronautis.pl\/index.php\/wp-json\/wp\/v2\/types\/page"}],"author":[{"embeddable":true,"href":"https:\/\/fundacjapronautis.pl\/index.php\/wp-json\/wp\/v2\/users\/1"}],"replies":[{"embeddable":true,"href":"https:\/\/fundacjapronautis.pl\/index.php\/wp-json\/wp\/v2\/comments?post=2865"}],"version-history":[{"count":11,"href":"https:\/\/fundacjapronautis.pl\/index.php\/wp-json\/wp\/v2\/pages\/2865\/revisions"}],"predecessor-version":[{"id":3696,"href":"https:\/\/fundacjapronautis.pl\/index.php\/wp-json\/wp\/v2\/pages\/2865\/revisions\/3696"}],"wp:attachment":[{"href":"https:\/\/fundacjapronautis.pl\/index.php\/wp-json\/wp\/v2\/media?parent=2865"}],"curies":[{"name":"wp","href":"https:\/\/api.w.org\/{rel}","templated":true}]}}