{"id":3015,"date":"2022-11-21T11:34:25","date_gmt":"2022-11-21T10:34:25","guid":{"rendered":"https:\/\/fundacjapronautis.pl\/?page_id=3015"},"modified":"2023-03-22T15:04:22","modified_gmt":"2023-03-22T14:04:22","slug":"piotr-polakowski-2","status":"publish","type":"page","link":"https:\/\/fundacjapronautis.pl\/index.php\/o-fundacji\/nasz-zespol\/piotr-polakowski-2\/","title":{"rendered":"Piotr Polakowski"},"content":{"rendered":"\t\t<div data-elementor-type=\"wp-page\" data-elementor-id=\"3015\" class=\"elementor elementor-3015\">\n\t\t\t\t\t\t\t\t\t<section class=\"elementor-section elementor-top-section elementor-element elementor-element-e4a337e elementor-section-boxed elementor-section-height-default elementor-section-height-default\" data-id=\"e4a337e\" data-element_type=\"section\">\n\t\t\t\t\t\t<div class=\"elementor-container elementor-column-gap-default\">\n\t\t\t\t\t<div class=\"elementor-column elementor-col-100 elementor-top-column elementor-element elementor-element-9d5a7a4\" data-id=\"9d5a7a4\" data-element_type=\"column\">\n\t\t\t<div class=\"elementor-widget-wrap elementor-element-populated\">\n\t\t\t\t\t\t\t\t<div class=\"elementor-element elementor-element-1b05e4c elementor-widget elementor-widget-text-editor\" data-id=\"1b05e4c\" data-element_type=\"widget\" data-widget_type=\"text-editor.default\">\n\t\t\t\t<div class=\"elementor-widget-container\">\n\t\t\t<style>\/*! elementor - v3.10.0 - 09-01-2023 *\/\n.elementor-widget-text-editor.elementor-drop-cap-view-stacked .elementor-drop-cap{background-color:#818a91;color:#fff}.elementor-widget-text-editor.elementor-drop-cap-view-framed .elementor-drop-cap{color:#818a91;border:3px solid;background-color:transparent}.elementor-widget-text-editor:not(.elementor-drop-cap-view-default) .elementor-drop-cap{margin-top:8px}.elementor-widget-text-editor:not(.elementor-drop-cap-view-default) .elementor-drop-cap-letter{width:1em;height:1em}.elementor-widget-text-editor .elementor-drop-cap{float:left;text-align:center;line-height:1;font-size:50px}.elementor-widget-text-editor .elementor-drop-cap-letter{display:inline-block}<\/style>\t\t\t\t<p>Radca prawny i absolwent Wydzia\u0142u Prawa i Administracji Uniwersytetu im. Adama Mickiewicza w Poznaniu. Od 2017 roku jest cz\u0142onkiem Okr\u0119gowej Izby Radc\u00f3w Prawnych w Poznaniu. Posiada praktyk\u0119 w obs\u0142udze prawnej Klient\u00f3w indywidualnych i korporacyjnych oraz jednostek samorz\u0105du terytorialnego. Specjalizuje si\u0119 w sprawach zwi\u0105zanych z prowadzeniem s\u0105dowych spor\u00f3w cywilnych i gospodarczych oraz w prawie upad\u0142o\u015bciowym. Posiada r\u00f3wnie\u017c do\u015bwiadczenie w prawie rodzinnym. Z powodzeniem reprezentuje klient\u00f3w w sprawach o og\u0142oszenie upad\u0142o\u015bci konsumenckiej. W okresie 2014-2015 wsp\u00f3\u0142pracowa\u0142 z warszawsk\u0105 kancelari\u0105 adwokack\u0105. W latach 2016\u20132021 pracowa\u0142 w gnie\u017anie\u0144skiej kancelarii radc\u00f3w prawnych.<\/p>\t\t\t\t\t\t<\/div>\n\t\t\t\t<\/div>\n\t\t\t\t<div class=\"elementor-element elementor-element-1e42bd3 elementor-widget elementor-widget-spacer\" data-id=\"1e42bd3\" data-element_type=\"widget\" data-widget_type=\"spacer.default\">\n\t\t\t\t<div class=\"elementor-widget-container\">\n\t\t\t<style>\/*! elementor - v3.10.0 - 09-01-2023 *\/\n.elementor-column .elementor-spacer-inner{height:var(--spacer-size)}.e-con{--container-widget-width:100%}.e-con-inner>.elementor-widget-spacer,.e-con>.elementor-widget-spacer{width:var(--container-widget-width,var(--spacer-size));--align-self:var(--container-widget-align-self,initial);--flex-shrink:0}.e-con-inner>.elementor-widget-spacer>.elementor-widget-container,.e-con-inner>.elementor-widget-spacer>.elementor-widget-container>.elementor-spacer,.e-con>.elementor-widget-spacer>.elementor-widget-container,.e-con>.elementor-widget-spacer>.elementor-widget-container>.elementor-spacer{height:100%}.e-con-inner>.elementor-widget-spacer>.elementor-widget-container>.elementor-spacer>.elementor-spacer-inner,.e-con>.elementor-widget-spacer>.elementor-widget-container>.elementor-spacer>.elementor-spacer-inner{height:var(--container-widget-height,var(--spacer-size))}<\/style>\t\t<div class=\"elementor-spacer\">\n\t\t\t<div class=\"elementor-spacer-inner\"><\/div>\n\t\t<\/div>\n\t\t\t\t<\/div>\n\t\t\t\t<\/div>\n\t\t\t\t\t<\/div>\n\t\t<\/div>\n\t\t\t\t\t\t\t<\/div>\n\t\t<\/section>\n\t\t\t\t\t\t\t<\/div>\n\t\t","protected":false},"excerpt":{"rendered":"<p>Radca prawny i absolwent Wydzia\u0142u Prawa i Administracji Uniwersytetu im. Adama Mickiewicza w Poznaniu. Od 2017 roku jest cz\u0142onkiem Okr\u0119gowej Izby Radc\u00f3w Prawnych w Poznaniu. Posiada praktyk\u0119 w obs\u0142udze prawnej Klient\u00f3w indywidualnych i korporacyjnych oraz jednostek samorz\u0105du terytorialnego. Specjalizuje si\u0119 w sprawach zwi\u0105zanych z prowadzeniem s\u0105dowych spor\u00f3w cywilnych i gospodarczych.<\/p>\n","protected":false},"author":1,"featured_media":0,"parent":2876,"menu_order":0,"comment_status":"closed","ping_status":"closed","template":"","meta":[],"_links":{"self":[{"href":"https:\/\/fundacjapronautis.pl\/index.php\/wp-json\/wp\/v2\/pages\/3015"}],"collection":[{"href":"https:\/\/fundacjapronautis.pl\/index.php\/wp-json\/wp\/v2\/pages"}],"about":[{"href":"https:\/\/fundacjapronautis.pl\/index.php\/wp-json\/wp\/v2\/types\/page"}],"author":[{"embeddable":true,"href":"https:\/\/fundacjapronautis.pl\/index.php\/wp-json\/wp\/v2\/users\/1"}],"replies":[{"embeddable":true,"href":"https:\/\/fundacjapronautis.pl\/index.php\/wp-json\/wp\/v2\/comments?post=3015"}],"version-history":[{"count":8,"href":"https:\/\/fundacjapronautis.pl\/index.php\/wp-json\/wp\/v2\/pages\/3015\/revisions"}],"predecessor-version":[{"id":3207,"href":"https:\/\/fundacjapronautis.pl\/index.php\/wp-json\/wp\/v2\/pages\/3015\/revisions\/3207"}],"up":[{"embeddable":true,"href":"https:\/\/fundacjapronautis.pl\/index.php\/wp-json\/wp\/v2\/pages\/2876"}],"wp:attachment":[{"href":"https:\/\/fundacjapronautis.pl\/index.php\/wp-json\/wp\/v2\/media?parent=3015"}],"curies":[{"name":"wp","href":"https:\/\/api.w.org\/{rel}","templated":true}]}}

<div data-elementor-type="wp-page" data-elementor-id="3015" class="elementor elementor-3015">
									<section class="elementor-section elementor-top-section elementor-element elementor-element-e4a337e elementor-section-boxed elementor-section-height-default elementor-section-height-default" data-id="e4a337e" data-element_type="section">
						<div class="elementor-container elementor-column-gap-default">
					<div class="elementor-column elementor-col-100 elementor-top-column elementor-element elementor-element-9d5a7a4" data-id="9d5a7a4" data-element_type="column">
			<div class="elementor-widget-wrap elementor-element-populated">
								<div class="elementor-element elementor-element-1b05e4c elementor-widget elementor-widget-text-editor" data-id="1b05e4c" data-element_type="widget" data-widget_type="text-editor.default">
				<div class="elementor-widget-container">
			<style>/*! elementor - v3.10.0 - 09-01-2023 */
.elementor-widget-text-editor.elementor-drop-cap-view-stacked .elementor-drop-cap{background-color:#818a91;color:#fff}.elementor-widget-text-editor.elementor-drop-cap-view-framed .elementor-drop-cap{color:#818a91;border:3px solid;background-color:transparent}.elementor-widget-text-editor:not(.elementor-drop-cap-view-default) .elementor-drop-cap{margin-top:8px}.elementor-widget-text-editor:not(.elementor-drop-cap-view-default) .elementor-drop-cap-letter{width:1em;height:1em}.elementor-widget-text-editor .elementor-drop-cap{float:left;text-align:center;line-height:1;font-size:50px}.elementor-widget-text-editor .elementor-drop-cap-letter{display:inline-block}</style>				<p>Radca prawny i absolwent Wydziału Prawa i Administracji Uniwersytetu im. Adama Mickiewicza w Poznaniu. Od 2017 roku jest członkiem Okręgowej Izby Radców Prawnych w Poznaniu. Posiada praktykę w obsłudze prawnej Klientów indywidualnych i korporacyjnych oraz jednostek samorządu terytorialnego. Specjalizuje się w sprawach związanych z prowadzeniem sądowych sporów cywilnych i gospodarczych oraz w prawie upadłościowym. Posiada również doświadczenie w prawie rodzinnym. Z powodzeniem reprezentuje klientów w sprawach o ogłoszenie upadłości konsumenckiej. W okresie 2014-2015 współpracował z warszawską kancelarią adwokacką. W latach 2016–2021 pracował w gnieźnieńskiej kancelarii radców prawnych.</p>						</div>
				</div>
				<div class="elementor-element elementor-element-1e42bd3 elementor-widget elementor-widget-spacer" data-id="1e42bd3" data-element_type="widget" data-widget_type="spacer.default">
				<div class="elementor-widget-container">
			<style>/*! elementor - v3.10.0 - 09-01-2023 */
.elementor-column .elementor-spacer-inner{height:var(--spacer-size)}.e-con{--container-widget-width:100%}.e-con-inner>.elementor-widget-spacer,.e-con>.elementor-widget-spacer{width:var(--container-widget-width,var(--spacer-size));--align-self:var(--container-widget-align-self,initial);--flex-shrink:0}.e-con-inner>.elementor-widget-spacer>.elementor-widget-container,.e-con-inner>.elementor-widget-spacer>.elementor-widget-container>.elementor-spacer,.e-con>.elementor-widget-spacer>.elementor-widget-container,.e-con>.elementor-widget-spacer>.elementor-widget-container>.elementor-spacer{height:100%}.e-con-inner>.elementor-widget-spacer>.elementor-widget-container>.elementor-spacer>.elementor-spacer-inner,.e-con>.elementor-widget-spacer>.elementor-widget-container>.elementor-spacer>.elementor-spacer-inner{height:var(--container-widget-height,var(--spacer-size))}</style>		<div class="elementor-spacer">
			<div class="elementor-spacer-inner"></div>
		</div>
				</div>
				</div>
					</div>
		</div>
							</div>
		</section>
							</div>

<p>Radca prawny i absolwent Wydziału Prawa i Administracji Uniwersytetu im. Adama Mickiewicza w Poznaniu. Od 2017 roku jest członkiem Okręgowej Izby Radców Prawnych w Poznaniu. Posiada praktykę w obsłudze prawnej Klientów indywidualnych i korporacyjnych oraz jednostek samorządu terytorialnego. Specjalizuje się w sprawach związanych z prowadzeniem sądowych sporów cywilnych i gospodarczych.</p>
